Is 334021 a composite number?
False
Is 10639 composite?
False
Is 3943 a composite number?
False
Is 536899 prime?
False
Is 7387 prime?
False
Is 27733 a prime number?
True
Is 6101 prime?
True
Is 4391 a composite number?
False
Is 547654 a composite number?
True
Is 55907 composite?
True
Is 4207 a composite number?
True
Is 481 composite?
True
Is 9239 a composite number?
False
Is 30223 prime?
True
Is 8637 prime?
False
Is 7045 a prime number?
False
Is 35521 prime?
True
Is 77257 a prime number?
False
Is 82833 composite?
True
Is 100267 a composite number?
False
Is 1399 composite?
False
Is 329771 a prime number?
False
Is 3407 a composite number?
False
Is 790373 a prime number?
False
Is 283597 composite?
True
Is 1429163 composite?
False
Is 2459 prime?
True
Is 5183 a composite number?
True
Is 141221 a composite number?
False
Is 7069 composite?
False
Is 2735 composite?
True
Is 68722 prime?
False
Is 4063 a composite number?
True
Is 31159 composite?
False
Is 1097651 composite?
False
Is 396289 a composite number?
True
Is 281509 a prime number?
True
Is 278969 composite?
True
Is 5219 a prime number?
False
Is 134129 composite?
False
Is 31859 composite?
False
Is 1686523 a prime number?
False
Is 207541 composite?
False
Is 5213 a prime number?
False
Is 388741 prime?
False
Is 2965 composite?
True
Is 114547 prime?
True
Is 15679 a prime number?
True
Is 50317 a composite number?
True
Is 13093 composite?
False
Is 26957 prime?
False
Is 22719 a composite number?
True
Is 2749 a prime number?
True
Is 7033 composite?
True
Is 121391 a prime number?
False
Is 106637 composite?
False
Is 15787 composite?
False
Is 2833 prime?
True
Is 13553 prime?
True
Is 17603 a composite number?
True
Is 125093 composite?
False
Is 28894 a prime number?
False
Is 278261 a composite number?
False
Is 16331 prime?
False
Is 2195 prime?
False
Is 180034 composite?
True
Is 39971 composite?
False
Is 31643 composite?
False
Is 9287 composite?
True
Is 24383 a prime number?
False
Is 16795 a prime number?
False
Is 140143 a prime number?
True
Is 5963 a prime number?
False
Is 27893 composite?
False
Is 53299 composite?
False
Is 3427 a composite number?
True
Is 2179 a composite number?
False
Is 29557 composite?
True
Is 2533 composite?
True
Is 9811 a prime number?
True
Is 66337 composite?
False
Is 440131 composite?
False
Is 114143 composite?
False
Is 5357 prime?
False
Is 4685 a prime number?
False
Is 68881 a composite number?
False
Is 8813 a prime number?
False
Is 50147 a prime number?
True
Is 24571 prime?
True
Is 1698247 a composite number?
False
Is 10495 a prime number?
False
Is 83339 a prime number?
True
Is 8033 a prime number?
False
Is 23269 prime?
True
Is 215015 a composite number?
True
Is 542006 composite?
True
Is 113258 composite?
True
Is 518083 composite?
False
Is 57151 a composite number?
True
Is 12091 a prime number?
False
Is 2437 prime?
True
Is 94907 a composite number?
False
Is 216683 composite?
True
Is 13421881 composite?
True
Is 5293 a prime number?
False
Is 3389 prime?
True
Is 3137 prime?
True
Is 1823 composite?
False
Is 5267 a composite number?
True
Is 4258 composite?
True
Is 4379 a prime number?
False
Is 53993 composite?
False
Is 15055 composite?
True
Is 18773 a prime number?
True
Is 2459 a composite number?
False
Is 34807 composite?
False
Is 20569 a prime number?
False
Is 18899 a prime number?
True
Is 611 a prime number?
False
Is 3407 a prime number?
True
Is 33479 composite?
False
Is 22766 a prime number?
False
Is 17291 a prime number?
True
Is 6547 prime?
True
Is 7669 a prime number?
True
Is 13619 a prime number?
True
Is 99859 prime?
True
Is 34189 a composite number?
True
Is 37751 a composite number?
True
Is 10831 a prime number?
True
Is 14179 composite?
True
Is 92269 prime?
True
Is 29083 prime?
False
Is 1144469 a composite number?
True
Is 4647259 prime?
True
Is 345937 prime?
True
Is 6143 prime?
True
Is 1175561 a prime number?
True
Is 6467207 composite?
False
Is 33547 prime?
True
Is 192497 prime?
True
Is 41127 a prime number?
False
Is 128657 prime?
True
Is 73181 a composite number?
False
Is 1086557 a composite number?
False
Is 12439 composite?
True
Is 5645 a composite number?
True
Is 2461577 prime?
True
Is 54757 prime?
False
Is 17617 a composite number?
True
Is 5077 a composite number?
False
Is 587 a prime number?
True
Is 1213 composite?
False
Is 341329 a prime number?
False
Is 2993 composite?
True
Is 353603 a prime number?
True
Is 176446 a prime number?
False
Is 131759 composite?
False
Is 640861 a composite number?
True
Is 2099 a prime number?
True
Is 7991 composite?
True
Is 2449 prime?
False
Is 127913 prime?
True
Is 86705 a prime number?
False
Is 212822 composite?
True
Is 532237 a composite number?
True
Is 248485 composite?
True
Is 291119 composite?
True
Is 263793 a composite number?
True
Is 13 prime?
True
Is 5658085 a prime number?
False
Is 185149 composite?
False
Is 40967 a prime number?
False
Is 16649 prime?
True
Is 674605 prime?
False
Is 142271 prime?
True
Is 51583 composite?
True
Is 2159 prime?
False
Is 22531 prime?
True
Is 24515 a prime number?
False
Is 1534457 a prime number?
True
Is 81143 a composite number?
True
Is 613463 prime?
True
Is 50627 prime?
True
Is 117371 prime?
True
Is 29221 a prime number?
True
Is 963299 prime?
True
Is 24701 composite?
True
Is 13093 composite?
False
Is 831631 composite?
False
Is 128201 a composite number?
False
Is 2209693 a prime number?
True
Is 10839 prime?
False
Is 21913 composite?
True
Is 51841 a composite number?
True
Is 158029 a composite number?
False
Is 414571 a prime number?
True
Is 10637 composite?
True
Is 19174 prime?
False
Is 52081 a composite number?
False
Is 579859 a prime number?
False
Is 4535 a prime number?
False
Is 115057 a composite number?
False
Is 3509009 a prime number?
False
Is 97819 a composite number?
True
Is 17551 a composite number?
False
Is 12981 prime?
False
Is 989 prime?
False
Is 8159 prime?
False
Is 5452337 a prime number?
False
Is 418597 a prime number?
True
Is 1082 a prime number?
False
Is 1266719 prime?
True
Is 13439 a prime number?
False
Is 2053 a composite number?
False
Is 28241 a prime number?
False
Is 7747 composite?
True
Is 3713 prime?
False
Is 13607 composite?
True
Is 81481 a prime number?
False
Is 18633 a composite number?
True
Is 12071 a composite number?
False
Is 24527 a prime number?
True
Is 28891 a prime number?
False
Is 4063 a composite number?
True
Is 24782 prime?
False
Is 15901 a prime number?
True
Is 147521 composite?
True
Is 206345 a composite number?
True
Is 146477 composite?
False
Is 1469 prime?
False
Is 1408817 a prime number?
True
Is 9335 composite?
True
Is 68066 a prime number?
False
Is 24169 a prime number?
True
Is 31303 a prime number?
False
Is 80497 prime?
False
Is 113453 composite?
False
Is 65257 composite?
False
Is 29459 a composite number?
True
Is 568979 a prime number?
True
Is 3449 a prime number?
True
Is 74219 composite?
False
Is 244519 a composite number?
True
Is 4909 a prime number?
True
Is 29407 prime?
False
Is 294871 composite?
True
Is 12197 a prime number?
True
Is 12197 a composite number?
False
Is 1259 a prime number?
True
Is 4469 prime?
False
Is 6371 a composite number?
True
Is 59 a composite number?
False
Is 512539 a prime number?
False
Is 794641 prime?
True
Is 1894 a prime number?
False
Is 287251 composite?
False
Is 91493 composite?
False
Is 298601 composite?
False
Is 64705 prime?
False
Is 76333 a composite number?
False
Is 2463 a prime number?
False
Is 34939 a composite number?
False
Is 68351 composite?
False
Is 400913 prime?
False
Is 2539 a composite number?
False
Is 96743 a prime number?
False
Is 1621 a composite number?
False
Is 1525331 a composite number?
False
Is 71441 composite?
True
Is 249779 a composite number?
False
Is 166623 a prime number?
False
Is 955 a composite number?
True
Is 8263 a prime number?
True
Is 35031 a composite number?
True
Is 2503 a composite number?
False
Is 1321331 prime?
False
Is 3811 a prime number?
False
Is 74843 prime?
True
Is 147571 a prime number?
True
Is 1148791 a composite number?
True
Is 1438111 composite?
True
Is 9791 composite?
False
Is 282407 a prime number?
True
Is 11981 composite?
False
Is 948479 composite?
True
Is 10951 a composite number?
True
Is 317605 prime?
False
Is 25255 composite?
True
Is 74653 a composite number?
False
Is 2446 a prime 